{"id":500,"date":"2019-05-25T23:19:02","date_gmt":"2019-05-25T21:19:02","guid":{"rendered":"http:\/\/www.deslionsetdeshommes.com\/?page_id=500"},"modified":"2019-05-25T23:19:06","modified_gmt":"2019-05-25T21:19:06","slug":"de-valreve-a-wild-field-une-nouvelle-inedite-illustree-pour-terminer-cette-histoire","status":"publish","type":"page","link":"https:\/\/www.deslionsetdeshommes.com\/index.php\/de-valreve-a-wild-field-une-nouvelle-inedite-illustree-pour-terminer-cette-histoire\/","title":{"rendered":"De Valr\u00eave \u00e0 Wild Field : une nouvelle in\u00e9dite,  illustr\u00e9e, pour terminer cette histoire&#8230;"},"content":{"rendered":"\n<div class=\"wp-block-file\"><a href=\"http:\/\/www.deslionsetdeshommes.com\/wp-content\/uploads\/2019\/05\/Des-lions-et-des-hommes-3-1-1.pdf\">Des lions et des hommes 3<\/a><a href=\"http:\/\/www.deslionsetdeshommes.com\/wp-content\/uploads\/2019\/05\/Des-lions-et-des-hommes-3-1-1.pdf\" class=\"wp-block-file__button\" download>T\u00e9l\u00e9charger<\/a><\/div>\n\n\n\n<figure class=\"wp-block-image\"><img decoding=\"async\" loading=\"lazy\" width=\"1024\" height=\"810\" src=\"http:\/\/www.deslionsetdeshommes.com\/wp-content\/uploads\/2019\/05\/LodgeValreve-1024x810.jpg\" alt=\"\" class=\"wp-image-502\" srcset=\"https:\/\/www.deslionsetdeshommes.com\/wp-content\/uploads\/2019\/05\/LodgeValreve-1024x810.jpg 1024w, https:\/\/www.deslionsetdeshommes.com\/wp-content\/uploads\/2019\/05\/LodgeValreve-300x237.jpg 300w, https:\/\/www.deslionsetdeshommes.com\/wp-content\/uploads\/2019\/05\/LodgeValreve-768x607.jpg 768w\" sizes=\"(max-width: 1024px) 100vw, 1024px\" \/><figcaption>Wild Field<\/figcaption><\/figure>\n","protected":false},"excerpt":{"rendered":"","protected":false},"author":1,"featured_media":0,"parent":0,"menu_order":0,"comment_status":"closed","ping_status":"closed","template":"","meta":{"ngg_post_thumbnail":0,"spay_email":""},"jetpack_sharing_enabled":true,"jetpack_shortlink":"https:\/\/wp.me\/PamNou-84","_links":{"self":[{"href":"https:\/\/www.deslionsetdeshommes.com\/index.php\/wp-json\/wp\/v2\/pages\/500"}],"collection":[{"href":"https:\/\/www.deslionsetdeshommes.com\/index.php\/wp-json\/wp\/v2\/pages"}],"about":[{"href":"https:\/\/www.deslionsetdeshommes.com\/index.php\/wp-json\/wp\/v2\/types\/page"}],"author":[{"embeddable":true,"href":"https:\/\/www.deslionsetdeshommes.com\/index.php\/wp-json\/wp\/v2\/users\/1"}],"replies":[{"embeddable":true,"href":"https:\/\/www.deslionsetdeshommes.com\/index.php\/wp-json\/wp\/v2\/comments?post=500"}],"version-history":[{"count":1,"href":"https:\/\/www.deslionsetdeshommes.com\/index.php\/wp-json\/wp\/v2\/pages\/500\/revisions"}],"predecessor-version":[{"id":503,"href":"https:\/\/www.deslionsetdeshommes.com\/index.php\/wp-json\/wp\/v2\/pages\/500\/revisions\/503"}],"wp:attachment":[{"href":"https:\/\/www.deslionsetdeshommes.com\/index.php\/wp-json\/wp\/v2\/media?parent=500"}],"curies":[{"name":"wp","href":"https:\/\/api.w.org\/{rel}","templated":true}]}}